 0, -2*p + 54 = 4*l. What is the remainder when ((-65)/1)/(-12 + 11) is divided by p?
8
Let f = -33 - -39. Let d(q) = q**3 - 7*q**2 + 8*q - 5. What is the remainder when 18 is divided by d(f)?
4
Let v(y) = -4*y - 2. Let n be v(2). Let x(k) = 6*k**2 + 5*k - 10. Let c be x(n). What is the remainder when 74 is divided by c/28 + (-2)/7?
17
Let c(i) = 46*i + 4. Let b be c(1). Suppose -4*d = -134 + b. Calculate the remainder when d is divided by 12.
9
Let k(h) = -2*h**2 + 7*h - 1. Let u be k(4). Let g = -15 + 74. What is the remainder when g is divided by 5 + 162/(-30) + (-77)/u?
14
Let z(o) = -3*o**2 - 3*o + 2. Let a(y) = -6*y**2 - 6*y + 4. Let h(s) = -4*a(s) + 7*z(s). Let d = -10 + 16. What is the remainder when h(-3) is divided by d?
4
Let c(f) = 3*f - 23. Let d be c(17). Suppose -3*t = -t - d. Calculate the remainder when 53 is divided by t.
11
Let r = -15 + 86. Suppose -69 = -4*s + r. Suppose 69 = 5*w + i, 23 = 4*w - 2*i - s. What is the remainder when 53 is divided by w?
11
Suppose 6 = l + 5*s, -2*s = 4*l + 11 + 1. Let i(j) = -2*j - 4*j + 2*j + 4 + 3*j. Calculate the remainder when 20 is divided by i(l).
4
Let x be (-2)/(-4) - (-34)/4. Let w(g) = g - 6. Let m(j) = -2*j - 1. Calculate the remainder when w(x) is divided by m(-1).
0
Suppose 676 = 5*g + 4*u, 66 - 67 = u. Calculate the remainder when g is divided by 41.
13
Let s(p) = 23*p**2 + 3*p - 14. Let b(r) = r - 1. Let d(o) = -5*b(o) + s(o). Calculate the remainder when d(3) is divided by 15.
12
Let l be 105/14*4/5. Suppose 1 = -c + l. Suppose -t + 13 = 3*a + 3*t, 3*t = -c*a + 18. Calculate the remainder when 7 is divided by a.
1
Let c(h) = h**3 + 7*h**2 + 2. Let f be c(-7). Suppose 111 = 3*l + 2*u, -5*u + 96 = f*l + 11. Let x = 21 + -12. Calculate the remainder when l is divided by x.
8
Suppose 0 = -5*l + n + 46, -4*l + 41 = -3*n + 2. Let j(r) = -8*r - 24. Calculate the remainder when j(-7) is divided by l.
5
Let b = 3 + -8. Let v(u) = u**2 + 2*u - 1. What is the remainder when v(b) is divided by 8?
6
Suppose 3*x = -5*h + 5639, -4*h - 5*x + 2267 = -2*h. What is the remainder when h is divided by 24?
22
Let j = -401 - -901. Suppose 6*m - j = m. Suppose -5*n + 15 = 0, -4*d + m = 5*n - 3. What is the remainder when 63 is divided by d?
19
Let g = -63 + 46. Let s(y) = -2*y**2 - 35*y - 8. Calculate the remainder when 60 is divided by s(g).
6
Suppose -12 = -4*k + 4. Suppose -k*y + 27 = -41. Calculate the remainder when 84 is divided by y.
16
Let n(t) = -t**2 + 2. Let w be n(0). Let j(y) = -52*y + 5. Let i be j(-1). Suppose w*z = -z + i. What is the remainder when 36 is divided by z?
17
Suppose 2*w - 17 - 45 = -4*i, 5*w - 4*i = 141. Let t(r) = 5*r - r - r - 1. Calculate the remainder when w is divided by t(3).
5
Let n be (-14 - -13)*(-3 - 1). Suppose a = n*o + 5*a - 108, 5*a + 3 = o. What is the remainder when ((-2)/(-1))/(676/224 - 3) is divided by o?
20
Let r(s) = -5*s**3 + 3*s**3 + 21*s**2 + 23 + 3*s**3 + 16*s. What is the remainder when r(-20) is divided by 21?
19
Let c = -140 - -143. Suppose c*r = -101 + 353. Calculate the remainder when r is divided by 29.
26
Let n be (13/26)/(2/16). Suppose n*j + 65 = -y + 200, -4*j = -3*y - 139. What is the remainder when 96 is divided by j?
28
Let t(o) = 4*o - 1. Let p be t(1). Suppose -1 - p = -2*l. Suppose 5*y - 363 = 2*j, -j + 143 = l*y - 4*j. What is the remainder when y is divided by 25?
23
Let z(f) = f**2 + 10*f + 4. Let y be z(-10). Let s(q) = 3*q - y*q - 2 + 3*q. What is the remainder when s(3) is divided by 2?
0
Let y = -182 + 225. Calculate the remainder when 114 is divided by y.
28
Suppose 0 = -60*z + 35*z + 1075. What is the remainder when z is divided by 12?
7
Let m(u) = -3*u**3 + 42*u**2 - 9*u + 39. What is the remainder when m(13) is divided by 24?
21
Let h(s) = s**2 + 2*s - 2. Let z be h(1). What is the remainder when -3 + (4 - z) + 4 is divided by 3?
1
Suppose p + 646 = 5*t + 5*p, 5*p + 232 = 2*t. What is the remainder when t is divided by 13?
9
Let g(p) = 2*p**3 - 6*p**2 - 7*p - 2. Let j(l) = 2*l + 79. Calculate the remainder when g(5) is divided by j(-33).
11
Suppose 49*b = 32*b + 204. What is the remainder when 34 is divided by b?
10
Let v(h) = 25*h**2 - 3*h + 6. What is the remainder when 107 is divided by v(2)?
7
Suppose 0 = -41*f + 36*f + 385. Calculate the remainder when f is divided by 16.
13
Calculate the remainder when 33 is divided by (2304/228 - 10) + 264/19.
5
Let q = 7 - -1. Let u = -1 - -1. Calculate the remainder when q is divided by 8/1 + -3 + u.
3
Let k(m) = -11*m + 7. Let t = 19 + -15. Let o be k(t). Let x = o + 53. What is the remainder when 30 is divided by x?
14
Suppose -5*z + 2360 = -5*r, 3*z + 8*r - 12*r = 1419. Calculate the remainder when z is divided by 47.
46
Suppose 0 = -0*y + 7*y - 84. What is the remainder when y is divided by 5?
2
Suppose 31*f - 215 = 26*f. Suppose -f = -6*n - 1. What is the remainder when (-2)/3 - (-80)/3 is divided by n?
5
Let n = -59 - -70. Let t = 0 + 1. What is the remainder when ((-21)/(-5))/(t/5) is divided by n?
10
Let n(v) = v**2 + v. Let r = -15 + 15. Let q be n(r). Suppose -o + 4*o - 96 = q. Calculate the remainder when o is divided by 11.
10
Let y be 4 - 2/(-4)*2. Suppose -4*o - 2*w = -70, 2 = -y*w + 7. Suppose -u + o = 2*a, -7 + 3 = 4*a. Calculate the remainder when u is divided by 5.
4
Suppose 300 = 2*w + w. What is the remainder when w is divided by (2/1)/((-233)/(-21) + -11)?
16
Calculate the remainder when -38*-3*7/6 is divided by 29.
17
Let c(l) = -2*l. Let g be c(-2). Suppose -g*b = -2*k, 1 = -0*b + b. Suppose -3*d + 87 = -v, -v + 137 = 3*d + k*d. What is the remainder when 55 is divided by d?
27
Let q = -12567 - -12692. Suppose -19 - 13 = -4*z. What is the remainder when q is divided by z?
5
Suppose 5*d = 139 - 109. Suppose -1 = -d*c + 89. Calculate the remainder when 40 is divided by c.
10
Suppose 0*a = 3*a - 87. Let q = -221 - -151. What is the remainder when q/21*(-168)/10 is divided by a?
27
Suppose 5*g - 693 = -5*y + 52, 5*g + 4*y - 747 = 0. Calculate the remainder when g is divided by 39.
34
Suppose -9*o + 4*f = -11*o + 602, 0 = o - f - 292. Calculate the remainder when o is divided by 11.
9
Let j = 6 - 4. Calculate the remainder when 26 is divided by (7/21)/(j/84).
12
Suppose 0*n - m = -2*n + 63, -2*n - 12*m - 2 = 0. What is the remainder when n is divided by (-1 - (0 - 0))*-7?
1
Let y(w) = 10*w**2 - 3*w**3 + 6690*w - 12 - 6688*w + 2*w**3. What is the remainder when 27 is divided by y(10)?
3
Suppose 312 = -1642*h + 1655*h. What is the remainder when 32 is divided by h?
8
Let q = 18 + -12. Let v be q/(-15) - 566/10. What is the remainder when v/(-2)*(-4)/(-6) is divided by 7?
5
Suppose -187*n = -175*n - 564. What is the remainder when n is divided by 4?
3
Suppose 2*i - 468 = -5*g, 3*i - 279 = -g - 2*g. Let p be (-956)/(-8) - (-6)/4. Suppose p = 8*d - 71. Calculate the remainder when g is divided by d.
22
Let i be (2/5)/(4/30). Let r(m) = m**2 - 2*m - 6. Let x be r(7). Suppose -i*a + x = -7. What is the remainder when 23 is divided by a?
11
Suppose 25 = -5*i, -50 + 10 = -3*k + 5*i. Suppose -90 = u - 3*u + k*s, 2*u + s = 78. What is the remainder when u is divided by 15?
10
Let p(i) = 8 + 26 - 7 - i - i. What is the remainder when 63 is divided by p(8)?
8
Let c(w) = w**3 + 16*w**2 - 16*w + 29. Calculate the remainder when c(-17) is divided by 3.
0
Let r(f) = f**2 + 23. Suppose -3*o = -2*x - 30, 18*o = 19*o - 3*x - 17. What is the remainder when r(0) is divided by o?
7
Let v(n) = 2*n + 53. Let a(y) = -4*y + 11. Let g be a(5). What is the remainder when 207 is divided by v(g)?
32
Let f = 1546 + -1538. Calculate the remainder when 15 is divided by f.
7
Let z = 8 + -4. Suppose z*c - 18 = 30. Calculate the remainder when (-270)/(-8) - ((-25)/20)/5 is divided by c.
10
Suppose 0 = 3*y - d - 46 - 4, 5*y - 84 = d. Let p = 20 - 7. Suppose -f + 19 = 4*h - 18, -h + f + p = 0. Calculate the remainder when y is divided by h.
7
Suppose 5*t + 361 = -4*m, 3*t = -t + 12. What is the remainder when m*((-27)/6 - -4) is divided by 13?
8
Let c = 44 - 9. Calculate the remainder when 8/(-2) + (c - 0) is divided by 8.
7
Let v be (-3 + (-14)/4*6)*-1. Let k = 45 - v. Calculate the remainder when 83 is divided by k.
20
What is the remainder when 303 is divided by (21/(-14))/((-4)/16) + 1?
2
